49 is divided by 4658.
33
What is the remainder when 87311 is divided by 15?
11
Calculate the remainder when 15612 is divided by 7795.
22
What is the remainder when 16636 is divided by 90?
76
What is the remainder when 86215 is divided by 513?
31
Calculate the remainder when 3674 is divided by 1834.
6
What is the remainder when 3019 is divided by 40?
19
What is the remainder when 8576 is divided by 405?
71
Calculate the remainder when 11407 is divided by 3785.
52
Calculate the remainder when 611731 is divided by 122343.
16
Calculate the remainder when 7311 is divided by 1461.
6
What is the remainder when 67572 is divided by 265?
262
What is the remainder when 8403 is divided by 99?
87
Calculate the remainder when 81143 is divided by 27031.
50
Calculate the remainder when 213404 is divided by 34.
20
Calculate the remainder when 8111 is divided by 104.
103
What is the remainder when 182176 is divided by 1423?
32
What is the remainder when 38183 is divided by 67?
60
What is the remainder when 40538 is divided by 20?
18
Calculate the remainder when 2042 is divided by 151.
79
What is the remainder when 519147 is divided by 277?
49
What is the remainder when 44202 is divided by 21?
18
Calculate the remainder when 1035 is divided by 335.
30
What is the remainder when 1518204 is divided by 23?
20
Calculate the remainder when 580 is divided by 193.
1
Calculate the remainder when 261856 is divided by 52370.
6
Calculate the remainder when 2485 is divided by 285.
205
What is the remainder when 112291 is divided by 1903?
14
What is the remainder when 3933 is divided by 246?
243
What is the remainder when 32047 is divided by 6406?
17
Calculate the remainder when 29869 is divided by 103.
102
Calculate the remainder when 134587 is divided by 44.
35
Calculate the remainder when 79554 is divided by 39757.
40
Calculate the remainder when 125747 is divided by 801.
791
Calculate the remainder when 46896 is divided by 15629.
9
Calculate the remainder when 19673 is divided by 8.
1
Calculate the remainder when 69874 is divided by 312.
298
What is the remainder when 101911 is divided by 266?
33
What is the remainder when 701 is divided by 219?
44
What is the remainder when 3200 is divided by 594?
230
Calculate the remainder when 2977 is divided by 52.
13
Calculate the remainder when 229641 is divided by 374.
5
Calculate the remainder when 11974 is divided by 460.
14
What is the remainder when 59696 is divided by 12?
8
Calculate the remainder when 6925775 is divided by 858.
857
Calculate the remainder when 42716 is divided by 445.
441
What is the remainder when 96828 is divided by 34?
30
What is the remainder when 10843 is divided by 18?
7
Calculate the remainder when 16660 is divided by 119.
0
Calculate the remainder when 332307 is divided by 53.
50
Calculate the remainder when 196 is divided by 25.
21
What is the remainder when 654 is divided by 159?
18
What is the remainder when 14671 is divided by 22?
19
Calculate the remainder when 31453 is divided by 13.
6
Calculate the remainder when 1029 is divided by 48.
21
What is the remainder when 182435 is divided by 69?
68
Calculate the remainder when 33427 is divided by 38.
25
Calculate the remainder when 6215 is divided by 6133.
82
What is the remainder when 648334 is divided by 35?
29
Calculate the remainder when 9644 is divided by 54.
32
Calculate the remainder when 31374 is divided by 53.
51
Calculate the remainder when 1022425 is divided by 9.
7
What is the remainder when 3366 is divided by 55?
11
What is the remainder when 13771 is divided by 38?
15
Calculate the remainder when 37929 is divided by 116.
113
Calculate the remainder when 3396 is divided by 580.
496
Calculate the remainder when 4962 is divided by 37.
4
What is the remainder when 879842 is divided by 349?
13
Calculate the remainder when 46924 is divided by 1466.
12
Calculate the remainder when 259994 is divided by 129984.
26
Calculate the remainder when 13464 is divided by 1120.
24
Calculate the remainder when 16679 is divided by 8292.
95
What is the remainder when 3812 is divided by 948?
20
Calculate the remainder when 568094 is divided by 34.
22
Calculate the remainder when 78989 is divided by 1297.
1169
What is the remainder when 928 is divided by 19?
16
Calculate the remainder when 5080 is divided by 265.
45
What is the remainder when 66787 is divided by 16691?
23
Calculate the remainder when 1196 is divided by 597.
2
Calculate the remainder when 664 is divided by 25.
14
What is the remainder when 133107 is divided by 25?
7
What is the remainder when 247608 is divided by 1848?
1824
What is the remainder when 542 is divided by 191?
160
Calculate the remainder when 55580 is divided by 783.
770
What is the remainder when 9309 is divided by 15?
9
Calculate the remainder when 1644677 is divided by 798.
797
Calculate the remainder when 186779 is divided by 27.
20
Calculate the remainder when 22961 is divided by 5737.
13
What is the remainder when 3898 is divided by 1?
0
What is the remainder when 34179 is divided by 177?
18
Calculate the remainder when 801 is divided by 164.
145
What is the remainder when 6111 is divided by 407?
6
What is the remainder when 156824 is divided by 17?
16
What is the remainder when 63045 is divided by 788?
5
What is the remainder when 4205 is divided by 848?
813
What is the remainder when 126934 is divided by 55?
49
What is the remainder when 13007 is divided by 6500?
7
Calculate the remainder when 293277 is divided by 47.
44
Calculate the remainder when 104799 is divided by 26194.
23
Calculate the remainder when 2358 is divided by 2351.
7
What is the remainder when 1269517 is divided by 268?
1
Calculate the remainder when 125828 is divided by 17.
11
What is the remainder when 24286 is divided by 506?
504
Calculate the remainder when 104248 is divided by 1012.
12
Calculate the remainder when 4383 is divided by 134.
95
What is the remainder when 1597346 is divided by 69?
65
What is the remainder when 137137 is divided by 11428?
1
What is the remainder when 76916 is divided by 98?
84
What is the remainder when 11674 is divided by 474?
298
Calculate the remainder when 8051 is divided by 366.
365
Calculate the remainder when 14157 is divided by 7.
3
What is the remainder when 94822 is divided by 140?
42
What is the remainder when 16456 is divided by 46?
34
What is the remainder when 1768732 is divided by 11?
9
What is the remainder when 42848 is divided by 27?
26
Calculate the remainder when 12646 is divided by 115.
111
Calculate the remainder when 186165 is divided by 93076.
13
What is the remainder when 2683 is divided by 456?
403
Calculate the remainder when 3572 is divided by 984.
620
What is the remainder when 689 is divided by 143?
117
Calculate the remainder when 335941 is divided by 111970.
31
Calculate the remainder when 777102 is divided by 68.
66
Calculate the remainder when 127825 is divided by 477.
466
Calculate the remainder when 3195 is divided by 90.
45
Calculate the remainder when 33544 is divided by 13.
4
Calculate the remainder when 64064 is divided by 10676.
8
Calculate the remainder when 24911 is divided by 9.
8
Calculate the remainder when 140030 is divided by 27.
8
Calculate the remainder when 5969 is divided by 4072.
1897
What is the remainder when 76904 is divided by 769?
4
Calculate the remainder when 56326 is divided by 28163.
0
What is the remainder when 144824 is divided by 447?
443
What is the remainder when 4468 is divided by 108?
40
Calculate the remainder when 39502 is divided by 1316.
22
What is the remainder when 75072 is divided by 863?
854
Calculate the remainder when 25389 is divided by 3624.
21
Calculate the remainder when 1445 is divided by 179.
13
What is the remainder when 826339 is divided by 7581?
10
Calculate the remainder when 44326 is divided by 403.
399
Calculate the remainder when 41030 is divided by 29.
24
Calculate the remainder when 6312 is divided by 317.
289
Calculate the remainder when 7063 is divided by 594.
529
What is the remainder when 41784 is divided by 10418?
112
What is the remainder when 796399 is divided by 532?
527
What is the remainder when 80626 is divided by 17?
12
Calculate the remainder when 123299 is divided by 45.
44
What is the remainder when 7863 is d